- 4*w + 31158, -4*n + 502*w + 62261 = 499*w. Is n a prime number?
True
Let m = -3302 - -5176. Suppose -3*x + 486 = 7*a - 6*a, 0 = -4*a + 2*x + m. Is a prime?
False
Suppose -64048 = -15*f + 16787. Is f prime?
False
Let b(q) = q**3 + 3*q**2 - 4*q + 4. Let h = -34 + 30. Let y be b(h). Suppose 0 = 3*z + 3*x - 378, -5*x + 64 = -y*z + 541. Is z a prime number?
False
Let a(z) = z**2 - 3*z - 39. Let t be a(-5). Let f be (9/(-6))/((-1)/(2/1)). Is -121*1/((-4)/t + f) a prime number?
False
Suppose -3*m = -7*m - 4*b + 260628, 4*b - 16 = 0. Is m a composite number?
True
Let z = -257 - -253. Is 880 - (-2)/(z/(-12) + -1) prime?
True
Let b(u) be the third derivative of -197*u**4/24 + 14*u**3/3 - 56*u**2. Is b(-9) composite?
False
Suppose 0 = 61*q - 59*q + 5*h - 28965, -h = -3*q + 43456. Is q prime?
False
Let f(q) = 1704*q - 48 + 21 - 5 + 0 - 377*q. Is f(9) a prime number?
False
Is ((-16)/96)/((-8)/16261296) a prime number?
True
Let w(r) = r**2 + 23*r - 54. Let g(j) = -1. Let p(u) = 2*g(u) - w(u). Let n be p(-25). Suppose -n*k - 9110 = -12*k. Is k a composite number?
False
Let k = 53 + -110. Suppose 15*l - 4*f - 1748 = 14*l, 0 = f + 3. Let s = l + k. Is s composite?
True
Let d be -5 + (4 - (-2 - -1)). Let q be 2 + d/(-1)*5/(-10). Is (q - 2871/6)/((-6)/12) composite?
False
Let y = 236 - 232. Suppose 0 = -3*p + 3, -7*l + y*l = -3*p - 20778. Is l a prime number?
False
Let b(r) = -147*r**2 - 10*r + 274*r**2 - 6*r - 124*r**2. Let q(u) = -u**3 + 5*u**2 + 6*u - 7. Let d be q(6). Is b(d) prime?
False
Suppose 2*r - 5*w = -r + 896333, -3*r + 3*w = -896337. Is r prime?
False
Suppose 3*i + 21994 = 5*p, 3*p - 8*i - 13197 = -6*i. Is p prime?
True
Is (-14)/((-56)/1221676)*(-2)/8*-4 a prime number?
True
Suppose 0 = -5*o + 4*c + 47789, -5*o - c + 3*c = -47777. Is o a prime number?
False
Suppose -1314*v = -1319*v + 3*h + 849584, -3*h = -4*v + 679663. Is v a prime number?
False
Suppose 10738 + 2940 = 7*s. Let f = -923 + s. Is f composite?
False
Let o(i) = -i**3 + 4*i**2 - i + 4. Let f be o(3). Let y(q) = q**3 - 11*q**2 + 14*q - 6. Let t be y(f). Suppose 3 = w - t. Is w composite?
False
Let j(h) = 2*h**3 + 14*h**2 + 8*h - 6. Let p be j(-6). Suppose a + p = 7*a. Is 0/a + 186/6 a composite number?
False
Suppose c = -2*r - 684, 3*r = c - 2*c - 679. Let q = 715 - c. Is q a prime number?
True
Let v be (-59)/(-3) + (-29)/(-87). Is 336048/30 - 12/v a composite number?
True
Suppose 2*b = 5 - 3. Let f be 8*b/2 - (-3 - 9111). Let n = f + -4491. Is n prime?
False
Suppose 30*i + 1524580 = 3201311 + 1520999. Is i composite?
False
Let a(y) = 12*y**2 - 31*y - 2. Let c be ((-2)/6)/(3/207). Let i be a(c). Suppose i = 7*f + 388. Is f a prime number?
True
Suppose 21*n - 73 = 11. Suppose v = -3, 27*h - 21970 = 25*h - n*v. Is h prime?
False
Let y(g) = 402*g**2 - 65*g - 1796. Is y(-23) a composite number?
True
Let q = -117023 + 703368. Is q a composite number?
True
Let j be (-14)/(-77) + (-532)/22. Is -3 - (j/(-3) + -642) composite?
False
Suppose 4*b - 5896 + 1680 = 0. Let h = -519 + b. Is h prime?
False
Suppose y - 177097 = -5*f, 4*f + 4*y - 6*y - 141672 = 0. Is f prime?
True
Suppose -15*h + 19*h = -7656. Let a = 8227 + h. Is a a prime number?
False
Let g(j) = 7478*j**2 - 10*j - 15. Suppose -24*a = 26 + 22. Is g(a) a prime number?
True
Let x(k) = -k**2 + 3*k + 7. Let o be x(3). Suppose f + 22 = 4*h, 0 = 3*h - f + o - 24. Let d(p) = 24*p**3 + p**2 - 3*p - 5. Is d(h) a composite number?
True
Let q = -96 - 128. Suppose 3*f + 969 = -2*t, -277 = -5*t - 292. Let u = q - f. Is u a prime number?
True
Suppose 33*z - 55721 = 32*z - 5*n, -3*z = 4*n - 167163. Is z prime?
True
Suppose 3*c + 200*n = 204*n + 8892237, c = 3*n + 2964089. Is c a prime number?
False
Let s(o) = -24*o**2 - 6*o + 22. Let l be s(-11). Let x = l + 4513. Suppose -a + 5344 = x. Is a a prime number?
False
Suppose -4*i = 17*i - 714. Is -1 + 336 - (i - 30) a composite number?
False
Suppose 0 = 2*x + 185 - 191. Is 10673/52*8*x/6 composite?
False
Let b(s) = -117*s + 3*s**2 + 10*s**2 + 34*s + 10*s**2 + 31. Is b(-23) a composite number?
False
Let v(k) = 253*k**2 + 2*k. Let n(b) = -381*b**2 - 3*b. Let a(l) = 5*n(l) + 8*v(l). Let p be ((-2)/2)/(-1 - -2). Is a(p) a prime number?
False
Suppose -g - 4 = -20. Suppose -2*s - 12 - g = 0. Is 22/s + 2 - (-4236)/14 a prime number?
False
Suppose -a - 2501 = 3*i + a, -5*a + 1699 = -2*i. Let x(q) = -64*q**3 - 4*q + 4. Let v be x(-3). Let r = v + i. Is r prime?
True
Let w(l) = 85*l**3 - 2*l**2 + 92*l + 10. Is w(9) composite?
True
Suppose -94*u - 2149157 = -7595799. Is u prime?
True
Suppose -308*b = q - 305*b - 1036, 5*q = -4*b + 5191. Is q a prime number?
True
Let u be -1*(5*-9)/3. Suppose -4 = 13*r - u*r. Is r/(471/(-159) + 3) a composite number?
False
Suppose 0 = -z - 23*z + 120. Suppose -5981 = -t + z*q, -3*t = 4*q - 19542 + 1523. Is t a composite number?
True
Suppose -2 = -v - 5*c, v = -3*c + 4 - 2. Let b(y) = -4507*y - 36. Let o be b(-8). Is 3/v*o/30 a prime number?
True
Let r(i) = 30*i**2 + 48*i - 7. Let p be r(5). Is p - (-12 - 18/(-3)) prime?
False
Suppose 33 + 7 = 10*t. Is 428/3*87/t a prime number?
False
Is (-14)/(-10) + (-25038552)/(-420) a composite number?
False
Let u(n) = -6*n + 129 - 129. Let o be u(-2). Is (0 - -1023)*4/o a composite number?
True
Let s(p) = -2559*p + 1925. Is s(-42) a composite number?
True
Let o = 185 - 89. Let f = 31 - o. Let g = 766 + f. Is g a composite number?
False
Let p be 266/56 + 1/4. Let u be ((-79)/p + 1)/(25/125). Let i = u - -201. Is i a prime number?
True
Let q = 54 - 51. Suppose 3*d = b - 4*b + 9, q*d = 4*b - 12. Suppose b*a - 122 = 52. Is a a prime number?
False
Let p = -237 + 234. Let g(b) be the third derivative of b**5/3 - b**4/6 - b**3/6 - 4*b**2. Is g(p) prime?
True
Let j(r) = 933*r - 306. Let i be j(11). Suppose -2*q = 3*x - 33859, -x + q + 1331 = -i. Is x prime?
True
Let t(o) = -11*o**2 + o + 9. Let p be t(-8). Suppose -2*d = -5*i + 3524, -2*i + 3*i - 5260 = 3*d. Let k = p - d. Is k prime?
True
Suppose -5*x - 4*q = -23228 - 190031, -2*x + 85301 = -q. Suppose -30*m + 21*m + x = 0. Is m a composite number?
True
Let r be 5*-1*(-24)/(-15). Let m = 10 + r. Suppose -m*j - 1731 - 1174 = -5*c, 3*c - 1732 = -j. Is c a prime number?
False
Let q = -229 + 223. Let c(n) = -34*n - 110. Is c(q) a prime number?
False
Let l be -5 + (-26280)/(-21) + 8/14. Suppose 4*x + 3*s - l = 732, 0 = -x + 5*s + 466. Is x composite?
False
Let v = 19 - 15. Suppose -22 = -o - v*f, o - 8 = -f - 1. Is (o/4)/((-2)/(-2708)) composite?
False
Suppose 3*z - 3776 = -h, 3*h + 3*z - 11343 = -z. Suppose 112*r - 117*r - h = 0. Let u = 1116 + r. Is u prime?
True
Let v(y) = 1848*y**2 - 12*y + 4. Let f be v(-3). Let u = f - 8633. Is u composite?
False
Let o(d) = 1498*d + 1747. Is o(55) composite?
False
Let z(c) = c**2 - 23*c + 33. Let l be z(21). Let s(r) = -19*r + 20. Is s(l) a prime number?
True
Let x(y) = 6*y**3 - 2*y**2 + 8*y - 5. Let o be x(5). Suppose 61*a - 5588 = -220. Let l = o - a. Is l a composite number?
False
Let l be 5/15 - (-18310)/15. Let j = 178 + l. Is j a composite number?
False
Let i(n) = 5807*n + 6083. Is i(12) prime?
True
Suppose -4*q + k + 31168 = -0*k, 3*q = k + 23375. Suppose 13*s = -1905 - q. Let o = 41 - s. Is o composite?
False
Suppose 11*y - 13*y = -2*o - 23268, y = 4*o + 46542. Is -4 + (o/(-6) - (-28)/(-21)) a composite number?
True
Is 11 + -25 + (-1424106)/(-18) composite?
False
Is 2/(-3*4/(-392874)) prime?
True
Let x = 175681 + -18495. Is x composite?
True
Suppose 0 = 2*y - 5*x + 4589, -5*y + 4*x - 9*x = 11420. Let c = -1620 - y. Is c prime?
False
Let y(t) = t + 19. Let c be y(-13). Suppose -c*f - 3*x = -5*f - 5591, 2*f + 3*x = 11182. Is f a prime number?
True
Let j = -107 - -106. Let g be -691 + (-5 - j) + 3. Is (1/(2/g))/(40/(-140)) a composite number?
True
Let m be 170309/8 - (162/(-48) - -3). Let a = m + -12248. Is a prime?
True
Let x(d) = 617*d + 73. Let c(j) = 619*j + 72. Let w(p) = 4*c(p) - 3*x(p). Is w(5) a composite number?
True
Let t be (9 - (3 + 7))*(1 + 9). Let p(q) = 6*q**2 + 13*q + 1. Let c(f) = 12*f**2 + 25*f + 2. Let j(u) = 4*c(u) - 7*p(u). Is j(t) a composite number?
True
Let b be (-4)/(-1)*-1 - 0. Suppose -17304 = 6*g - 1158. Is g/b + 1/4 a prime number?
True
Let m = -43525 + 79788. Is m composite?
False
Let p = -124 + 128. Suppose p*q + 4*v - 60 = 0, v